0. What is the highest common divisor of w and d?
4
Suppose a + 0*a + 262 = 3*u, 2*a - 444 = -5*u. Let p = u - 38. Let o be 850/85 + 1 + 114. Calculate the highest common factor of p and o.
25
Suppose 3*t + 48 = -x + 4*x, 0 = -t - 2. Calculate the highest common factor of x and 91.
7
Let s(h) = 57*h**2 + h + 1. Let c be s(2). Let a = -114 + 129. Suppose v - 36 = -a. Calculate the greatest common divisor of v and c.
21
Let n = -112 + 160. Calculate the greatest common divisor of 48 and n.
48
Let b(h) = 8*h**2 - 10*h + 2. Let i be b(4). Let g = 103 - 73. Calculate the greatest common divisor of i and g.
30
Let c(p) = -10*p - 24. Let a be c(-14). Let o = -107 + a. Calculate the greatest common factor of 3 and o.
3
Let t = 23 - 3. Suppose 0 = 3*h + 6, 3*h + 21 = -3*z + 4*z. Calculate the highest common factor of z and t.
5
Let h = 34 - 31. Suppose 8*t = l + h*t - 94, -t - 350 = -5*l. What is the highest common divisor of 46 and l?
23
Suppose -27*x + 26*x = 43. Let m = x + 78. What is the highest common factor of 210 and m?
35
Suppose -p + 2*z = 4, z + 3*z - 8 = 0. Suppose -4*k + 3*k = p. Suppose 264 = -k*j + 3*j. What is the greatest common factor of j and 22?
22
Let c(l) = -l**2 - 3*l + 3. Let o be c(3). Suppose 0*y - 2*y = -j - 37, 2*y - 40 = 2*j. Let u = o + y. What is the greatest common divisor of u and 10?
2
Let o = -68 - -92. What is the highest common divisor of o and 6?
6
Let j = 2419 + -2338. Let x = 3 + 1. Suppose -13 - 23 = -x*s. What is the highest common divisor of s and j?
9
Let f = -2182 + 2201. Calculate the greatest common factor of f and 817.
19
Suppose 13*b - 19*b + 30 = 0. Suppose 29 = b*k + 24. Suppose -5*l = -2*m - 3*m + 65, -l + 23 = 3*m. Calculate the greatest common divisor of m and k.
1
Suppose 3*c + 2*n - 773 = -3*n, 5*n + 557 = 2*c. What is the greatest common divisor of c and 646?
38
Let z be (160/(-50))/(4/(-10)). Let k be (z/(-12))/(4/(-78)). What is the greatest common factor of k and 26?
13
Let t be ((-108)/(-21))/((-6)/(-42)). Calculate the greatest common divisor of 126 and t.
18
Suppose -9*j + 408 = -j. Let v = 240 + 117. Calculate the highest common factor of j and v.
51
Suppose -44*i + 23*i = -2205. Calculate the greatest common divisor of i and 280.
35
Suppose 0*u + 2*b = u - 25, 5*u + 3*b - 86 = 0. Let m = -1013 - -1108. What is the greatest common divisor of u and m?
19
Let t be 220/16 - (-1)/4. Let s be ((8/(-10))/(-4) - 1)*-35. Calculate the highest common divisor of s and t.
14
Suppose 2*z = -5*g + 147, 57 = 4*z + 2*g - 245. Suppose -60*a + 65*a - 1545 = 0. Let b = a + z. What is the greatest common factor of b and 35?
35
Suppose f - 87 = -31. Let k = 88 - f. Calculate the highest common divisor of 8 and k.
8
Let d(m) = 10*m + 180. Let p be d(-15). What is the highest common factor of 40 and p?
10
Let f = 392 + -271. Let j = 1669 + -1658. What is the greatest common divisor of f and j?
11
Let i = -199 + 325. What is the highest common factor of i and 54?
18
Let v be 90 + (-4 - 0/(-3 - -5)). Suppose 2*z = z + v. What is the greatest common divisor of z and 129?
43
Let q be ((-486)/63 + 9)/(2/42). What is the greatest common divisor of q and 297?
27
Let m = 92 - 143. Let h be m/(-6) + (-2)/4. Calculate the highest common factor of 24 and h.
8
Let v(j) = 6*j + 51. Let q be v(-8). Calculate the greatest common factor of 8 and q.
1
Let p be (-1)/((4/20)/(4/(-5))). Suppose -24 = -p*m + 2*s + s, -m - 4*s = -6. What is the highest common factor of m and 4?
2
Suppose -z = 3*a - 16, -3*z - 2 = -2*z. Let s(q) = q**3 - 2*q**2 - 8*q - 1. Let n be s(a). Calculate the highest common factor of n and 19.
19
Let d(o) = 9*o**2 - 33*o - 366. Let b be d(-10). Calculate the highest common divisor of b and 96.
96
Let q(n) = -3*n - 2. Let w be q(-1). Let z be (-92 + -4 + 0)*w/(-3). Let k be (6 - 0)*4/3. Calculate the highest common divisor of z and k.
8
Let u be (3 + 0)*(-20 + 36). Let d = u - 32. What is the greatest common factor of 24 and d?
8
Let h = 488 + 295. Calculate the greatest common factor of 27 and h.
27
Suppose 48 = 6*y - 4*y. Suppose -y = 5*c - 69. Calculate the greatest common factor of c and 6.
3
Let k = 34 + -12. Suppose 0 = 4*b - 17*b + 715. Calculate the greatest common divisor of b and k.
11
Suppose -4 = 2*j - 3*j. Let b(t) = 5*t - 5. Let i be b(j). Let x = 301 + -166. What is the greatest common factor of i and x?
15
Let b be (-2 + 4/(-8))*-2. Suppose -b*c - 99 = -19. Let o be ((-3)/6)/(2/c). Calculate the greatest common factor of o and 36.
4
Let n(y) = y + 3. Let s be n(15). Let d = s + 9. What is the greatest common factor of 27 and d?
27
Suppose -291 = -59*a + 63. Let w = -21 - -36. Calculate the highest common factor of a and w.
3
Suppose 12*x - 8*x = 64. Suppose 4*w = -4, 4*i = 2*i - 3*w + 157. Calculate the highest common divisor of x and i.
16
Suppose 4*n = -21 + 5, 5*n = 4*m - 40. Calculate the greatest common factor of m and 40.
5
Let i(p) = 5*p**2 + 4*p - 8. Let q = -10 - 4. Let a be (-1)/2 - (-91)/q. Let l be i(a). What is the greatest common divisor of 19 and l?
19
Let y(k) = -2*k**3 - k**2. Let b be y(-1). Let n be (0 + 1)*(-2 - 59). Let f = b - n. Calculate the highest common factor of 155 and f.
31
Let g(x) = -x**2 - 13*x. Let j be g(-5). Let o(p) = p**2 - 17. Let r be o(-5). Calculate the highest common factor of j and r.
8
Suppose -11*n + 30622 = 3001. What is the greatest common factor of 93 and n?
93
Let v(k) = 4 + 2 - 2 + 4 + 3*k. Let r be v(6). Let l be 32/6 - r/(-39). Calculate the greatest common divisor of 30 and l.
6
Let b = 13 - 4. Suppose -4*r = a - 15 + 1, -4*r + 10 = -a. Calculate the highest common divisor of b and r.
3
Suppose 2*y - 82 = -22. Calculate the highest common divisor of 500 and y.
10
Suppose -5*p + 2*n + 470 = 0, 3*p - n - 273 = 2*n. Calculate the greatest common divisor of 516 and p.
12
Let o(t) = -90*t**3 + t**2. Let f be o(-1). Let z = 74 - 35. Suppose 4*b - z = b. What is the highest common factor of f and b?
13
Let s = 7 + -2. Suppose -25 = 289*c - 294*c. Calculate the greatest common divisor of s and c.
5
Let x be 2/4 + (-13)/(-4)*10. Let n(a) = -33*a. Let m be n(-1). Calculate the greatest common divisor of m and x.
33
Let r be 3/(9/6) + 3. Suppose 4*u + r*z = 72, u = -4*z + 3*z + 18. Let n be 84/(-4)*(-6)/1. Calculate the greatest common factor of n and u.
18
Let y = 19 - 13. Suppose 4*d - y = 4*r + 10, 3*r + 4*d - 23 = 0. Suppose -c - 5 = 5*l, c + 3*l + 2 = r. What is the highest common divisor of 20 and c?
5
Let v be -1 + (3/(-3) - -4). Let b(l) be the first derivative of 6*l**2 + 6*l - 53. Let z be b(v). Calculate the greatest common divisor of z and 6.
6
Let b be 2/10 + 68/10. Let o(f) be the first derivative of 27*f**2/2 - 8. Let w be o(b). Calculate the highest common factor of w and 27.
27
Let n = 101 - -403. What is the highest common factor of 56 and n?
56
Let z be 2/4 + (-3)/2. Let d be 10*(z - -2)/2. Let q = -1647 + 1648. What is the greatest common divisor of q and d?
1
Let c be -3 + 316 + 4 + 5. What is the greatest common factor of 28 and c?
14
Suppose -96 = -2*i - i. Let c = -23 + i. Suppose -b + c = k, -b - 6 + 23 = -3*k. What is the greatest common divisor of b and 88?
11
Let f be ((-10)/8)/((-6)/72). Suppose -w - 2*w + f = -2*m, 3 = m. Suppose -2*b + 6*o - 7*o = -74, -5*o = -20. Calculate the greatest common divisor of b and w.
7
Let b(s) = s + 20. Let d be b(0). Let i be (-423)/(-6)*(-4)/(-6). Let u = i - d. Calculate the highest common factor of u and 3.
3
Let o(v) = -27*v + 18. Let g be o(-2). What is the highest common divisor of g and 54?
18
Let i = -3 - -6. Suppose 2*c - i - 27 = 0. Let v(d) = -d**3 + 15*d**2 + 12. Let f be v(c). What is the highest common divisor of f and 8?
4
Let g be (-2 - -9) + 3/(-3 - -2). Suppose g*m + 126 = 10*m. Calculate the highest common factor of 168 and m.
21
Let p be 1446/9 - 2/(-6). Suppose 9*b - 10*b = -p. Calculate the greatest common factor of b and 23.
23
Let u(t) = 2*t**2 + 11*t. Let g be u(-8). Suppose -3*f = 0, 2*f + f + g = 2*q. What is the highest common factor of q and 50?
10
Suppose -3*g + 8*i - 12*i = -488, -i = -2. Calculate the greatest common factor of 10 and g.
10
Let u(s) be the first derivative of -s**4/4 + 16*s**3/3 - 9*s**2 - 14*s - 9. Let x be u(15). Let y = 83 + x. What is